{"id":349,"date":"2018-02-15T22:07:48","date_gmt":"2018-02-15T22:07:48","guid":{"rendered":"http:\/\/www.sebolido.pt\/1\/?page_id=349"},"modified":"2022-03-06T15:15:12","modified_gmt":"2022-03-06T15:15:12","slug":"centro-recreativo-de-sebolido","status":"publish","type":"page","link":"https:\/\/www.sebolido.pt\/1\/centro-recreativo-de-sebolido\/","title":{"rendered":"Centro Recreativo e Cultural de Sebolido"},"content":{"rendered":"<p><a href=\"http:\/\/www.sebolido.pt\/1\/wp-content\/uploads\/2018\/02\/crs.bmp\"><img loading=\"lazy\" decoding=\"async\" class=\"alignnone size-full wp-image-402\" src=\"http:\/\/www.sebolido.pt\/1\/wp-content\/uploads\/2018\/02\/crs.bmp\" alt=\"\" width=\"148\" height=\"172\" \/><\/a><strong>CENTRO RECREATIVO E CULTURAL DE SEBOLIDO &#8211; C.R.C.S.<\/strong><br \/>\nSediada no lugar do Outeiro, freguesia de Sebolido em Penafiel. Cont\u00e9m os estatutos de constitui\u00e7\u00e3o de 21 de janeiro de 1981.<\/p>\n<p><strong>Morada:<\/strong> Rua 5 de Outubro, 4575-541 Sebolido<\/p>\n","protected":false},"excerpt":{"rendered":"<p>CENTRO RECREATIVO E CULTURAL DE SEBOLIDO &#8211; C.R.C.S. Sediada no lugar do Outeiro, freguesia de Sebolido em Penafiel. Cont\u00e9m os estatutos de constitui\u00e7\u00e3o de 21 de janeiro de 1981. Morada: Rua 5<a class=\"moretag\" href=\"https:\/\/www.sebolido.pt\/1\/centro-recreativo-de-sebolido\/\">Read More&#8230;<\/a><\/p>\n","protected":false},"author":2,"featured_media":0,"parent":0,"menu_order":0,"comment_status":"closed","ping_status":"closed","template":"","meta":{"footnotes":""},"class_list":["post-349","page","type-page","status-publish","hentry"],"yoast_head":"<!-- This site is optimized with the Yoast SEO plugin v27.3 - https:\/\/yoast.com\/product\/yoast-seo-wordpress\/ -->\n<title>Centro Recreativo e Cultural de Sebolido - Sebolido<\/title>\n<meta name=\"description\" content=\"Sediada no lugar do Outeiro, freguesia de Sebolido em Penafiel. Cont\u00e9m os estatutos de constitui\u00e7\u00e3o de 21 de janeiro de 1981.\" \/>\n<meta name=\"robots\" content=\"index, follow, max-snippet:-1, max-image-preview:large, max-video-preview:-1\" \/>\n<link rel=\"canonical\" href=\"https:\/\/www.sebolido.pt\/1\/centro-recreativo-de-sebolido\/\" \/>\n<meta property=\"og:locale\" content=\"pt_PT\" \/>\n<meta property=\"og:type\" content=\"article\" \/>\n<meta property=\"og:title\" content=\"Centro Recreativo e Cultural de Sebolido - Sebolido\" \/>\n<meta property=\"og:description\" content=\"Sediada no lugar do Outeiro, freguesia de Sebolido em Penafiel. Cont\u00e9m os estatutos de constitui\u00e7\u00e3o de 21 de janeiro de 1981.\" \/>\n<meta property=\"og:url\" content=\"https:\/\/www.sebolido.pt\/1\/centro-recreativo-de-sebolido\/\" \/>\n<meta property=\"og:site_name\" content=\"Sebolido\" \/>\n<meta property=\"article:modified_time\" content=\"2022-03-06T15:15:12+00:00\" \/>\n<meta property=\"og:image\" content=\"http:\/\/www.sebolido.pt\/1\/wp-content\/uploads\/2018\/02\/crs.bmp\" \/>\n<meta name=\"twitter:card\" content=\"summary_large_image\" \/>\n<meta name=\"twitter:label1\" content=\"Tempo estimado de leitura\" \/>\n\t<meta name=\"twitter:data1\" content=\"1 minuto\" \/>\n<script type=\"application\/ld+json\" class=\"yoast-schema-graph\">{\"@context\":\"https:\\\/\\\/schema.org\",\"@graph\":[{\"@type\":\"WebPage\",\"@id\":\"https:\\\/\\\/www.sebolido.pt\\\/1\\\/centro-recreativo-de-sebolido\\\/\",\"url\":\"https:\\\/\\\/www.sebolido.pt\\\/1\\\/centro-recreativo-de-sebolido\\\/\",\"name\":\"Centro Recreativo e Cultural de Sebolido - Sebolido\",\"isPartOf\":{\"@id\":\"https:\\\/\\\/www.sebolido.pt\\\/1\\\/#website\"},\"primaryImageOfPage\":{\"@id\":\"https:\\\/\\\/www.sebolido.pt\\\/1\\\/centro-recreativo-de-sebolido\\\/#primaryimage\"},\"image\":{\"@id\":\"https:\\\/\\\/www.sebolido.pt\\\/1\\\/centro-recreativo-de-sebolido\\\/#primaryimage\"},\"thumbnailUrl\":\"http:\\\/\\\/www.sebolido.pt\\\/1\\\/wp-content\\\/uploads\\\/2018\\\/02\\\/crs.bmp\",\"datePublished\":\"2018-02-15T22:07:48+00:00\",\"dateModified\":\"2022-03-06T15:15:12+00:00\",\"description\":\"Sediada no lugar do Outeiro, freguesia de Sebolido em Penafiel. Cont\u00e9m os estatutos de constitui\u00e7\u00e3o de 21 de janeiro de 1981.\",\"breadcrumb\":{\"@id\":\"https:\\\/\\\/www.sebolido.pt\\\/1\\\/centro-recreativo-de-sebolido\\\/#breadcrumb\"},\"inLanguage\":\"pt-PT\",\"potentialAction\":[{\"@type\":\"ReadAction\",\"target\":[\"https:\\\/\\\/www.sebolido.pt\\\/1\\\/centro-recreativo-de-sebolido\\\/\"]}]},{\"@type\":\"ImageObject\",\"inLanguage\":\"pt-PT\",\"@id\":\"https:\\\/\\\/www.sebolido.pt\\\/1\\\/centro-recreativo-de-sebolido\\\/#primaryimage\",\"url\":\"http:\\\/\\\/www.sebolido.pt\\\/1\\\/wp-content\\\/uploads\\\/2018\\\/02\\\/crs.bmp\",\"contentUrl\":\"http:\\\/\\\/www.sebolido.pt\\\/1\\\/wp-content\\\/uploads\\\/2018\\\/02\\\/crs.bmp\"},{\"@type\":\"BreadcrumbList\",\"@id\":\"https:\\\/\\\/www.sebolido.pt\\\/1\\\/centro-recreativo-de-sebolido\\\/#breadcrumb\",\"itemListElement\":[{\"@type\":\"ListItem\",\"position\":1,\"name\":\"In\u00edcio\",\"item\":\"https:\\\/\\\/www.sebolido.pt\\\/1\\\/\"},{\"@type\":\"ListItem\",\"position\":2,\"name\":\"Centro Recreativo e Cultural de Sebolido\"}]},{\"@type\":\"WebSite\",\"@id\":\"https:\\\/\\\/www.sebolido.pt\\\/1\\\/#website\",\"url\":\"https:\\\/\\\/www.sebolido.pt\\\/1\\\/\",\"name\":\"Freguesia de Sebolido\",\"description\":\"Freguesia de Sebolido\",\"publisher\":{\"@id\":\"https:\\\/\\\/www.sebolido.pt\\\/1\\\/#organization\"},\"potentialAction\":[{\"@type\":\"SearchAction\",\"target\":{\"@type\":\"EntryPoint\",\"urlTemplate\":\"https:\\\/\\\/www.sebolido.pt\\\/1\\\/?s={search_term_string}\"},\"query-input\":{\"@type\":\"PropertyValueSpecification\",\"valueRequired\":true,\"valueName\":\"search_term_string\"}}],\"inLanguage\":\"pt-PT\"},{\"@type\":\"Organization\",\"@id\":\"https:\\\/\\\/www.sebolido.pt\\\/1\\\/#organization\",\"name\":\"Freguesia de Sebolido\",\"url\":\"https:\\\/\\\/www.sebolido.pt\\\/1\\\/\",\"logo\":{\"@type\":\"ImageObject\",\"inLanguage\":\"pt-PT\",\"@id\":\"https:\\\/\\\/www.sebolido.pt\\\/1\\\/#\\\/schema\\\/logo\\\/image\\\/\",\"url\":\"https:\\\/\\\/www.sebolido.pt\\\/1\\\/wp-content\\\/uploads\\\/2018\\\/02\\\/logo150.jpg\",\"contentUrl\":\"https:\\\/\\\/www.sebolido.pt\\\/1\\\/wp-content\\\/uploads\\\/2018\\\/02\\\/logo150.jpg\",\"width\":150,\"height\":176,\"caption\":\"Freguesia de Sebolido\"},\"image\":{\"@id\":\"https:\\\/\\\/www.sebolido.pt\\\/1\\\/#\\\/schema\\\/logo\\\/image\\\/\"}}]}<\/script>\n<!-- \/ Yoast SEO plugin. -->","yoast_head_json":{"title":"Centro Recreativo e Cultural de Sebolido - Sebolido","description":"Sediada no lugar do Outeiro, freguesia de Sebolido em Penafiel. Cont\u00e9m os estatutos de constitui\u00e7\u00e3o de 21 de janeiro de 1981.","robots":{"index":"index","follow":"follow","max-snippet":"max-snippet:-1","max-image-preview":"max-image-preview:large","max-video-preview":"max-video-preview:-1"},"canonical":"https:\/\/www.sebolido.pt\/1\/centro-recreativo-de-sebolido\/","og_locale":"pt_PT","og_type":"article","og_title":"Centro Recreativo e Cultural de Sebolido - Sebolido","og_description":"Sediada no lugar do Outeiro, freguesia de Sebolido em Penafiel. Cont\u00e9m os estatutos de constitui\u00e7\u00e3o de 21 de janeiro de 1981.","og_url":"https:\/\/www.sebolido.pt\/1\/centro-recreativo-de-sebolido\/","og_site_name":"Sebolido","article_modified_time":"2022-03-06T15:15:12+00:00","og_image":[{"url":"http:\/\/www.sebolido.pt\/1\/wp-content\/uploads\/2018\/02\/crs.bmp","type":"","width":"","height":""}],"twitter_card":"summary_large_image","twitter_misc":{"Tempo estimado de leitura":"1 minuto"},"schema":{"@context":"https:\/\/schema.org","@graph":[{"@type":"WebPage","@id":"https:\/\/www.sebolido.pt\/1\/centro-recreativo-de-sebolido\/","url":"https:\/\/www.sebolido.pt\/1\/centro-recreativo-de-sebolido\/","name":"Centro Recreativo e Cultural de Sebolido - Sebolido","isPartOf":{"@id":"https:\/\/www.sebolido.pt\/1\/#website"},"primaryImageOfPage":{"@id":"https:\/\/www.sebolido.pt\/1\/centro-recreativo-de-sebolido\/#primaryimage"},"image":{"@id":"https:\/\/www.sebolido.pt\/1\/centro-recreativo-de-sebolido\/#primaryimage"},"thumbnailUrl":"http:\/\/www.sebolido.pt\/1\/wp-content\/uploads\/2018\/02\/crs.bmp","datePublished":"2018-02-15T22:07:48+00:00","dateModified":"2022-03-06T15:15:12+00:00","description":"Sediada no lugar do Outeiro, freguesia de Sebolido em Penafiel. Cont\u00e9m os estatutos de constitui\u00e7\u00e3o de 21 de janeiro de 1981.","breadcrumb":{"@id":"https:\/\/www.sebolido.pt\/1\/centro-recreativo-de-sebolido\/#breadcrumb"},"inLanguage":"pt-PT","potentialAction":[{"@type":"ReadAction","target":["https:\/\/www.sebolido.pt\/1\/centro-recreativo-de-sebolido\/"]}]},{"@type":"ImageObject","inLanguage":"pt-PT","@id":"https:\/\/www.sebolido.pt\/1\/centro-recreativo-de-sebolido\/#primaryimage","url":"http:\/\/www.sebolido.pt\/1\/wp-content\/uploads\/2018\/02\/crs.bmp","contentUrl":"http:\/\/www.sebolido.pt\/1\/wp-content\/uploads\/2018\/02\/crs.bmp"},{"@type":"BreadcrumbList","@id":"https:\/\/www.sebolido.pt\/1\/centro-recreativo-de-sebolido\/#breadcrumb","itemListElement":[{"@type":"ListItem","position":1,"name":"In\u00edcio","item":"https:\/\/www.sebolido.pt\/1\/"},{"@type":"ListItem","position":2,"name":"Centro Recreativo e Cultural de Sebolido"}]},{"@type":"WebSite","@id":"https:\/\/www.sebolido.pt\/1\/#website","url":"https:\/\/www.sebolido.pt\/1\/","name":"Freguesia de Sebolido","description":"Freguesia de Sebolido","publisher":{"@id":"https:\/\/www.sebolido.pt\/1\/#organization"},"potentialAction":[{"@type":"SearchAction","target":{"@type":"EntryPoint","urlTemplate":"https:\/\/www.sebolido.pt\/1\/?s={search_term_string}"},"query-input":{"@type":"PropertyValueSpecification","valueRequired":true,"valueName":"search_term_string"}}],"inLanguage":"pt-PT"},{"@type":"Organization","@id":"https:\/\/www.sebolido.pt\/1\/#organization","name":"Freguesia de Sebolido","url":"https:\/\/www.sebolido.pt\/1\/","logo":{"@type":"ImageObject","inLanguage":"pt-PT","@id":"https:\/\/www.sebolido.pt\/1\/#\/schema\/logo\/image\/","url":"https:\/\/www.sebolido.pt\/1\/wp-content\/uploads\/2018\/02\/logo150.jpg","contentUrl":"https:\/\/www.sebolido.pt\/1\/wp-content\/uploads\/2018\/02\/logo150.jpg","width":150,"height":176,"caption":"Freguesia de Sebolido"},"image":{"@id":"https:\/\/www.sebolido.pt\/1\/#\/schema\/logo\/image\/"}}]}},"_links":{"self":[{"href":"https:\/\/www.sebolido.pt\/1\/wp-json\/wp\/v2\/pages\/349","targetHints":{"allow":["GET"]}}],"collection":[{"href":"https:\/\/www.sebolido.pt\/1\/wp-json\/wp\/v2\/pages"}],"about":[{"href":"https:\/\/www.sebolido.pt\/1\/wp-json\/wp\/v2\/types\/page"}],"author":[{"embeddable":true,"href":"https:\/\/www.sebolido.pt\/1\/wp-json\/wp\/v2\/users\/2"}],"replies":[{"embeddable":true,"href":"https:\/\/www.sebolido.pt\/1\/wp-json\/wp\/v2\/comments?post=349"}],"version-history":[{"count":5,"href":"https:\/\/www.sebolido.pt\/1\/wp-json\/wp\/v2\/pages\/349\/revisions"}],"predecessor-version":[{"id":1524,"href":"https:\/\/www.sebolido.pt\/1\/wp-json\/wp\/v2\/pages\/349\/revisions\/1524"}],"wp:attachment":[{"href":"https:\/\/www.sebolido.pt\/1\/wp-json\/wp\/v2\/media?parent=349"}],"curies":[{"name":"wp","href":"https:\/\/api.w.org\/{rel}","templated":true}]}}

<p><a href="http://www.sebolido.pt/1/wp-content/uploads/2018/02/crs.bmp"><img loading="lazy" decoding="async" class="alignnone size-full wp-image-402" src="http://www.sebolido.pt/1/wp-content/uploads/2018/02/crs.bmp" alt="" width="148" height="172" /></a><strong>CENTRO RECREATIVO E CULTURAL DE SEBOLIDO &#8211; C.R.C.S.</strong><br />
Sediada no lugar do Outeiro, freguesia de Sebolido em Penafiel. Contém os estatutos de constituição de 21 de janeiro de 1981.</p>
<p><strong>Morada:</strong> Rua 5 de Outubro, 4575-541 Sebolido</p>

<p>CENTRO RECREATIVO E CULTURAL DE SEBOLIDO &#8211; C.R.C.S. Sediada no lugar do Outeiro, freguesia de Sebolido em Penafiel. Contém os estatutos de constituição de 21 de janeiro de 1981. Morada: Rua 5<a class="moretag" href="https://www.sebolido.pt/1/centro-recreativo-de-sebolido/">Read More&#8230;</a></p>

<!-- This site is optimized with the Yoast SEO plugin v27.3 - https://yoast.com/product/yoast-seo-wordpress/ -->
<title>Centro Recreativo e Cultural de Sebolido - Sebolido</title>
<meta name="description" content="Sediada no lugar do Outeiro, freguesia de Sebolido em Penafiel. Contém os estatutos de constituição de 21 de janeiro de 1981." />
<meta name="robots" content="index, follow, max-snippet:-1, max-image-preview:large, max-video-preview:-1" />
<link rel="canonical" href="https://www.sebolido.pt/1/centro-recreativo-de-sebolido/" />
<meta property="og:locale" content="pt_PT" />
<meta property="og:type" content="article" />
<meta property="og:title" content="Centro Recreativo e Cultural de Sebolido - Sebolido" />
<meta property="og:description" content="Sediada no lugar do Outeiro, freguesia de Sebolido em Penafiel. Contém os estatutos de constituição de 21 de janeiro de 1981." />
<meta property="og:url" content="https://www.sebolido.pt/1/centro-recreativo-de-sebolido/" />
<meta property="og:site_name" content="Sebolido" />
<meta property="article:modified_time" content="2022-03-06T15:15:12+00:00" />
<meta property="og:image" content="http://www.sebolido.pt/1/wp-content/uploads/2018/02/crs.bmp" />
<meta name="twitter:card" content="summary_large_image" />
<meta name="twitter:label1" content="Tempo estimado de leitura" />
	<meta name="twitter:data1" content="1 minuto" />
<script type="application/ld+json" class="yoast-schema-graph">{"@context":"https:\/\/schema.org","@graph":[{"@type":"WebPage","@id":"https:\/\/www.sebolido.pt\/1\/centro-recreativo-de-sebolido\/","url":"https:\/\/www.sebolido.pt\/1\/centro-recreativo-de-sebolido\/","name":"Centro Recreativo e Cultural de Sebolido - Sebolido","isPartOf":{"@id":"https:\/\/www.sebolido.pt\/1\/#website"},"primaryImageOfPage":{"@id":"https:\/\/www.sebolido.pt\/1\/centro-recreativo-de-sebolido\/#primaryimage"},"image":{"@id":"https:\/\/www.sebolido.pt\/1\/centro-recreativo-de-sebolido\/#primaryimage"},"thumbnailUrl":"http:\/\/www.sebolido.pt\/1\/wp-content\/uploads\/2018\/02\/crs.bmp","datePublished":"2018-02-15T22:07:48+00:00","dateModified":"2022-03-06T15:15:12+00:00","description":"Sediada no lugar do Outeiro, freguesia de Sebolido em Penafiel. Contém os estatutos de constituição de 21 de janeiro de 1981.","breadcrumb":{"@id":"https:\/\/www.sebolido.pt\/1\/centro-recreativo-de-sebolido\/#breadcrumb"},"inLanguage":"pt-PT","potentialAction":[{"@type":"ReadAction","target":["https:\/\/www.sebolido.pt\/1\/centro-recreativo-de-sebolido\/"]}]},{"@type":"ImageObject","inLanguage":"pt-PT","@id":"https:\/\/www.sebolido.pt\/1\/centro-recreativo-de-sebolido\/#primaryimage","url":"http:\/\/www.sebolido.pt\/1\/wp-content\/uploads\/2018\/02\/crs.bmp","contentUrl":"http:\/\/www.sebolido.pt\/1\/wp-content\/uploads\/2018\/02\/crs.bmp"},{"@type":"BreadcrumbList","@id":"https:\/\/www.sebolido.pt\/1\/centro-recreativo-de-sebolido\/#breadcrumb","itemListElement":[{"@type":"ListItem","position":1,"name":"Início","item":"https:\/\/www.sebolido.pt\/1\/"},{"@type":"ListItem","position":2,"name":"Centro Recreativo e Cultural de Sebolido"}]},{"@type":"WebSite","@id":"https:\/\/www.sebolido.pt\/1\/#website","url":"https:\/\/www.sebolido.pt\/1\/","name":"Freguesia de Sebolido","description":"Freguesia de Sebolido","publisher":{"@id":"https:\/\/www.sebolido.pt\/1\/#organization"},"potentialAction":[{"@type":"SearchAction","target":{"@type":"EntryPoint","urlTemplate":"https:\/\/www.sebolido.pt\/1\/?s={search_term_string}"},"query-input":{"@type":"PropertyValueSpecification","valueRequired":true,"valueName":"search_term_string"}}],"inLanguage":"pt-PT"},{"@type":"Organization","@id":"https:\/\/www.sebolido.pt\/1\/#organization","name":"Freguesia de Sebolido","url":"https:\/\/www.sebolido.pt\/1\/","logo":{"@type":"ImageObject","inLanguage":"pt-PT","@id":"https:\/\/www.sebolido.pt\/1\/#\/schema\/logo\/image\/","url":"https:\/\/www.sebolido.pt\/1\/wp-content\/uploads\/2018\/02\/logo150.jpg","contentUrl":"https:\/\/www.sebolido.pt\/1\/wp-content\/uploads\/2018\/02\/logo150.jpg","width":150,"height":176,"caption":"Freguesia de Sebolido"},"image":{"@id":"https:\/\/www.sebolido.pt\/1\/#\/schema\/logo\/image\/"}}]}</script>
<!-- / Yoast SEO plugin. -->

Sediada no lugar do Outeiro, freguesia de Sebolido em Penafiel. Contém os estatutos de constituição de 21 de janeiro de 1981.

Início
